{"id":93,"date":"2016-01-21T11:13:46","date_gmt":"2016-01-21T11:13:46","guid":{"rendered":"http:\/\/rose.wiloke.net\/?page_id=93"},"modified":"2016-06-03T12:17:52","modified_gmt":"2016-06-03T12:17:52","slug":"aempresa","status":"publish","type":"page","link":"https:\/\/nanamouraatelier.com\/index.php\/aempresa\/","title":{"rendered":"Atelier"},"content":{"rendered":"<p>[vc_row css=&#8221;.vc_custom_1453376376946{margin-bottom: 0px !important;}&#8221;][vc_column width=&#8221;1\/3&#8243; css=&#8221;.vc_custom_1453375691971{margin-bottom: 50px !important;}&#8221;]\r\n\r\n\t\t\t<div class=\"icon-box icon-center\">\r\n\r\n\t\t\t\t\t\t\t\t\t<span class=\"icon\"  ><i class=\"icon-basic-anchor\"><\/i><\/span>\r\n\t\t\t\t\r\n\t\t\t\t\t\t\t\t\t<h4 class=\"h6\" >SEGURAN\u00c7A<\/h4>\r\n\t\t\t\t\r\n\t\t\t\t\t\t\t\t\t<p >\r\n\t\t\t\t\t\tCada cliente \u00e9 especial. Todos os cuidados s\u00e3o precisos para que o servi\u00e7o fique exatamente como deseja!\t\t\t\t\t<\/p>\r\n\t\t\t\t\r\n\t\t\t<\/div>\r\n\r\n\t\t\t[\/vc_column][vc_column width=&#8221;1\/3&#8243; css=&#8221;.vc_custom_1453375699332{margin-bottom: 50px !important;}&#8221;]\r\n\r\n\t\t\t<div class=\"icon-box icon-center\">\r\n\r\n\t\t\t\t\t\t\t\t\t<span class=\"icon\"  ><i class=\"icon-basic-pencil-ruler\"><\/i><\/span>\r\n\t\t\t\t\r\n\t\t\t\t\t\t\t\t\t<h4 class=\"h6\" >SERVI\u00c7OS<\/h4>\r\n\t\t\t\t\r\n\t\t\t\t\t\t\t\t\t<p >\r\n\t\t\t\t\t\tNeste momento temos ao seu dispor Estilismo de Unhas e Maquilhagem Profissional. Em breve teremos mais servi\u00e7os para lhe apresentar. Fique atento!\t\t\t\t\t<\/p>\r\n\t\t\t\t\r\n\t\t\t<\/div>\r\n\r\n\t\t\t[\/vc_column][vc_column width=&#8221;1\/3&#8243; css=&#8221;.vc_custom_1453375917529{margin-bottom: 50px !important;}&#8221;]\r\n\r\n\t\t\t<div class=\"icon-box icon-center\">\r\n\r\n\t\t\t\t\t\t\t\t\t<span class=\"icon\"  ><i class=\"icon-basic-book-pen\"><\/i><\/span>\r\n\t\t\t\t\r\n\t\t\t\t\t\t\t\t\t<h4 class=\"h6\" >AGENDA<\/h4>\r\n\t\t\t\t\r\n\t\t\t\t\t\t\t\t\t<p >\r\n\t\t\t\t\t\tContacte-nos para agendar a sua pr\u00f3xima marca\u00e7\u00e3o!\t\t\t\t\t<\/p>\r\n\t\t\t\t\r\n\t\t\t<\/div>\r\n\r\n\t\t\t[vc_column css=&#8221;.vc_custom_1453375793813{margin-bottom: 50px !important;}&#8221;][\/vc_column][vc_column css=&#8221;.vc_custom_1453376280233{margin-bottom: 75px !important;}&#8221;][vc_separator color=&#8221;custom&#8221; accent_color=&#8221;#eeeeee&#8221;][\/vc_column][\/vc_row][vc_row css=&#8221;.vc_custom_1453377286959{margin-bottom: 70px !important;}&#8221;][vc_column css=&#8221;.vc_custom_1453376724064{margin-bottom: 30px !important;}&#8221;]\r\n\t\t\t<div class=\"heading\">\r\n\t\t\t\t<h2 class=\"h6\"  >SOBRE MIM<\/h2>\r\n\t\t\t\t<span class=\"line\"  ><\/span>\r\n\t\t\t\t\t\t\t\t\t<p >\r\n\t\t\t\t\t\tRedes Sociais\t\t\t\t\t<\/p>\r\n\t\t\t\t\t\t\t<\/div>\r\n\r\n\t\t\t[\/vc_column][vc_column]\t\t\t\r\n\t\t\t\t\t\t\t<div class=\"team-wrap\">\r\n\t\t\t\t\t<div class=\"grid\" data-col-lg=\"1\" data-col-md=\"1\" data-col-sm=\"2\" data-col-xs=\"1\" data-vertical=\"30\" data-horizontal=\"30\">\r\n\r\n\t\t\t\t\t\t\r\n\t\t\t\t\t\t\t<div class=\"grid-item\">\r\n\t\t\t\t\t\t\t\t<div class=\"team-item\" >\r\n\t\t\t\t\t\t\t\t\t\r\n\t\t\t\t\t\t\t\t\t\r\n\t\t\t\t\t\t\t\t\t\t\t\t\t\t\t\t\t\t\t<div class=\"avatar\">\r\n\t\t\t\t\t\t\t\t\t\t\t<img loading=\"lazy\" decoding=\"async\" width=\"270\" height=\"270\" src=\"https:\/\/nanamouraatelier.com\/wp-content\/uploads\/2016\/01\/13321926_1090041007705825_5871943912532938983_n-300x300.jpg\" class=\"attachment-270x270 size-270x270 wp-post-image\" alt=\"\" srcset=\"https:\/\/nanamouraatelier.com\/wp-content\/uploads\/2016\/01\/13321926_1090041007705825_5871943912532938983_n-300x300.jpg 300w, https:\/\/nanamouraatelier.com\/wp-content\/uploads\/2016\/01\/13321926_1090041007705825_5871943912532938983_n-150x150.jpg 150w, https:\/\/nanamouraatelier.com\/wp-content\/uploads\/2016\/01\/13321926_1090041007705825_5871943912532938983_n-768x767.jpg 768w, https:\/\/nanamouraatelier.com\/wp-content\/uploads\/2016\/01\/13321926_1090041007705825_5871943912532938983_n-870x869.jpg 870w, https:\/\/nanamouraatelier.com\/wp-content\/uploads\/2016\/01\/13321926_1090041007705825_5871943912532938983_n-515x514.jpg 515w, https:\/\/nanamouraatelier.com\/wp-content\/uploads\/2016\/01\/13321926_1090041007705825_5871943912532938983_n-100x100.jpg 100w, https:\/\/nanamouraatelier.com\/wp-content\/uploads\/2016\/01\/13321926_1090041007705825_5871943912532938983_n-e1464637691985.jpg 269w\" sizes=\"auto, (max-width: 270px) 100vw, 270px\" \/>\t\t\t\t\t\t\t\t\t\t<\/div>\r\n\t\t\t\t\t\t\t\t\t\r\n\t\t\t\t\t\t\t\t\t<h4 class=\"h5\" >N\u00c1N\u00c1 MOURA<\/h4>\r\n\r\n\t\t\t\t\t\t\t\t\t\t\t\t\t\t\t\t\t\t\t<span >Blogger<\/span>\r\n\t\t\t\t\t\t\t\t\t\r\n\t\t\t\t\t\t\t\t\t<div class=\"hr\" ><\/div>\r\n\t\t\t\t\t\t\t\t\t\r\n\t\t\t\t\t\t\t\t\t\t\t\t\t\t\t\t\t\t\t<div class=\"social-user\">\r\n\t\t\t\t\t\t\t\t\t\t\t\t\t\t\t\t\t\t\t\t\t\t\t\t\t\t\t\t\t\t\t\t\t\t\t\t\t\t\t\t\t\t\t\t\t\t\t\t\t\t\t\t\t\t\t\t\t\t\t<a href=\"https:\/\/www.facebook.com\/Nn-Moura-Atelier-137766973265114\/\"  ><i class=\"fa fa-facebook\"><\/i><\/a>\r\n\t\t\t\t\t\t\t\t\t\t\t\t\t\t\t\t\t\t\t\t\t\t\t\t\t\t\t\t\t\t\t\t\t\t\t\t\t\t\t\t\t\t\t\t\t\t\t\t<a href=\"https:\/\/twitter.com\/nanamouraatl\"  ><i class=\"fa fa-twitter\"><\/i><\/a>\r\n\t\t\t\t\t\t\t\t\t\t\t\t\t\t\t\t\t\t\t\t\t\t\t\t\t\t\t\t\t\t\t\t\t\t\t\t\t\t\t\t\t\t\t\t\t\t\t\t\t\t\t\t\t\t\t\t\t\t\t\t\t\t\t\t\t\t\t\t\t\t\t<a href=\"http:\/\/www.pinterest.com\/nanamouraatl\"  ><i class=\"fa fa-pinterest\"><\/i><\/a>\r\n\t\t\t\t\t\t\t\t\t\t\t\t\t\t\t\t\t\t\t\t\t\t\t\t\t\t\t\t\t\t\t\t\t\t\t\t\t\t\t\t\t\t\t\t\t\t\t\t\t\t\t\t\t\t\t\t\t\t\t\t\t\t\t\t\t\t\t\t\t\t\t\t\t\t\t\t\t\t\t\t\t\t\t\t\t\t\t\t\t\t\t\t\t\t<a href=\"https:\/\/www.instagram.com\/nanamoura22\/\"  ><i class=\"fa fa-instagram\"><\/i><\/a>\r\n\t\t\t\t\t\t\t\t\t\t\t\t\t\t\t\t\t\t\t\t\t\t\t\t\t\t\t\t\t\t\t\t\t\t\t\t\t\t\t\t\t\t\t\t\t\t\t\t\t\t\t\t\t\t\t\t\t\t\t\t\t\t\t\t\t\t\t\t\t\t\t\t\t\t\t\t\t\t\t\t\t\t\t\t\t\t\t\t\t\t\t\t\t\t\t\t\t\t\t\t\t\t\t\t\t\t\t\t\t\t\t\t\t\t\t\t\t\t\t\t\t\t\t\t\t\t\t\t\t\t\t\t\t\t\t\t\t\t\t\t\t\t\t\t\t\t\t\t<\/div>\r\n\t\t\t\t\t\t\t\t\t\t\t\t\t\t\t\t\t<\/div>\r\n\t\t\t\t\t\t\t<\/div>\r\n\r\n\t\t\t\t\t\t\r\n\t\t\t\t\t<\/div>\r\n\t\t\t\t<\/div>\r\n\t\t\t\r\n\t\t\t\r\n\t\t\t[\/vc_column][\/vc_row][vc_row css=&#8221;.vc_custom_1453377233648{margin-bottom: 60px !important;}&#8221;][vc_column css=&#8221;.vc_custom_1453377196756{margin-bottom: 60px !important;}&#8221;][vc_separator color=&#8221;custom&#8221; accent_color=&#8221;#eeeeee&#8221;][\/vc_column]<\/p>\n","protected":false},"excerpt":{"rendered":"<p>[vc_row css=&#8221;.vc_custom_1453376376946{margin-bottom: 0px !important;}&#8221;][vc_column width=&#8221;1\/3&#8243; css=&#8221;.vc_custom_1453375691971{margin-bottom: 50px !important;}&#8221;][\/vc_column][vc_column width=&#8221;1\/3&#8243; css=&#8221;.vc_custom_1453375699332{margin-bottom: 50px !important;}&#8221;][\/vc_column][vc_column width=&#8221;1\/3&#8243; css=&#8221;.vc_custom_1453375917529{margin-bottom: 50px !important;}&#8221;][vc_column css=&#8221;.vc_custom_1453375793813{margin-bottom: 50px !important;}&#8221;][\/vc_column][vc_column css=&#8221;.vc_custom_1453376280233{margin-bottom: 75px !important;}&#8221;][vc_separator color=&#8221;custom&#8221; accent_color=&#8221;#eeeeee&#8221;][\/vc_column][\/vc_row][vc_row css=&#8221;.vc_custom_1453377286959{margin-bottom: 70px !important;}&#8221;][vc_column css=&#8221;.vc_custom_1453376724064{margin-bottom: 30px !important;}&#8221;][\/vc_column][vc_column][\/vc_column][\/vc_row][vc_row css=&#8221;.vc_custom_1453377233648{margin-bottom: 60px !important;}&#8221;][vc_column css=&#8221;.vc_custom_1453377196756{margin-bottom: 60px !important;}&#8221;][vc_separator color=&#8221;custom&#8221; accent_color=&#8221;#eeeeee&#8221;][\/vc_column]<\/p>\n","protected":false},"author":1,"featured_media":0,"parent":0,"menu_order":0,"comment_status":"closed","ping_status":"closed","template":"","meta":{"footnotes":""},"class_list":["post-93","page","type-page","status-publish","hentry"],"_links":{"self":[{"href":"https:\/\/nanamouraatelier.com\/index.php\/wp-json\/wp\/v2\/pages\/93","targetHints":{"allow":["GET"]}}],"collection":[{"href":"https:\/\/nanamouraatelier.com\/index.php\/wp-json\/wp\/v2\/pages"}],"about":[{"href":"https:\/\/nanamouraatelier.com\/index.php\/wp-json\/wp\/v2\/types\/page"}],"author":[{"embeddable":true,"href":"https:\/\/nanamouraatelier.com\/index.php\/wp-json\/wp\/v2\/users\/1"}],"replies":[{"embeddable":true,"href":"https:\/\/nanamouraatelier.com\/index.php\/wp-json\/wp\/v2\/comments?post=93"}],"version-history":[{"count":31,"href":"https:\/\/nanamouraatelier.com\/index.php\/wp-json\/wp\/v2\/pages\/93\/revisions"}],"predecessor-version":[{"id":370,"href":"https:\/\/nanamouraatelier.com\/index.php\/wp-json\/wp\/v2\/pages\/93\/revisions\/370"}],"wp:attachment":[{"href":"https:\/\/nanamouraatelier.com\/index.php\/wp-json\/wp\/v2\/media?parent=93"}],"curies":[{"name":"wp","href":"https:\/\/api.w.org\/{rel}","templated":true}]}}